 n(j) = -j**3 - 5*j**2 + 1765*j + 7151. What is n(-4)?
75
Let m(i) = i**3 + 14*i**2 + 663*i + 9215. What is m(-14)?
-67
Let c(t) = 4*t**3 + 8846*t**2 + 66112*t - 17629. Give c(-2204).
3
Let w(j) = -2*j**2 - 635*j + 593142. What is w(-726)?
0
Let i(x) = -2716*x + 2398200. What is i(883)?
-28
Let k(p) = -16224*p + 178577. Give k(11).
113
Let u(h) = -55652*h + 556589. Calculate u(10).
69
Let v(s) = -4823*s + 53123. Calculate v(11).
70
Let b(m) = 181*m**2 + 1405*m + 114. What is b(-7)?
-852
Let j(g) = -2*g**2 + 388*g - 9954. What is j(28)?
-658
Let p(i) = 15*i**2 + 1471*i + 187. Calculate p(-98).
89
Let s(w) = -w**3 - 32*w**2 - 298*w - 948. Determine s(-7).
-87
Let j(z) = 34878*z + 313847. Give j(-9).
-55
Let a(z) = z**3 - 7*z**2 - 18*z + 53. What is a(6)?
-91
Let a(h) = 126*h**2 - 15882*h + 720. Determine a(126).
-36
Let g(r) = 146*r + 1400. Calculate g(-5).
670
Let j(l) = -2*l**3 - 9*l**2 + 319*l + 230. What is j(11)?
-12
Let m(k) = 4*k**3 - 744*k**2 - 22999*k + 91. Give m(-27).
-44
Let o(s) = -3*s**3 + 391*s**2 - 139*s + 1082. Give o(130).
-88
Let l(s) = 117*s**2 + 1995*s + 1999. Give l(-1).
121
Let b(s) = s**2 + 102*s + 1543. What is b(-17)?
98
Let l(f) = -29*f**3 + 1973*f**2 - 68*f + 38. What is l(68)?
38
Let i(u) = 67*u**2 - 1238*u - 63919. What is i(-23)?
-2
Let i(s) = -s**2 - 99*s + 37. Calculate i(-25).
1887
Let c(q) = 3*q**3 + 63*q**2 + 178*q + 102. Determine c(-17).
544
Let f(s) = 61*s**2 + 380*s + 361. What is f(-5)?
-14
Let w(g) = -g**3 - 54*g**2 + 867*g + 1177. What is w(14)?
-13
Let x(n) = n**2 - 56672*n - 2608956. Determine x(-46).
72
Let l(t) = -14*t**2 + 1448*t + 17292. Determine l(-12).
-2100
Let v(y) = -998*y**2 - 32942*y - 319. What is v(-33)?
-55
Let f(z) = z**3 + 172*z**2 - 2601*z + 540. Give f(-186).
-18
Let j(l) = -l**3 - 186*l**2 - 4676*l + 117. Calculate j(-30).
-3
Let w(a) = -2156*a - 99122. What is w(-46)?
54
Let n(y) = -y**2 - 3935*y - 708004. What is n(-189)?
-10
Let m(d) = 8716*d + 270112. Give m(-31).
-84
Let y(t) = -t**2 - 195*t + 3442. Calculate y(16).
66
Let g(w) = 7*w**2 - 752*w + 5524. Determine g(8).
-44
Let p(w) = -15*w**3 + 2*w**2 - 1014*w + 2020. Determine p(2).
-120
Let y(q) = 4*q**2 + 37*q - 325. Determine y(-23).
940
Let w(z) = -9*z**2 - 145*z + 538. What is w(-20)?
-162
Let p(y) = -11399*y - 7169951. Give p(-629).
20
Let d(k) = -k**2 + 14*k - 97. Determine d(6).
-49
Let p(a) = -4630*a - 4642. Calculate p(-1).
-12
Let u(x) = 37*x**2 - 846*x - 3009. Give u(26).
7
Let x(r) = -19*r**3 + 4*r**2 - 157*r - 322. Give x(-2).
160
Let j(q) = -5*q**2 + 4159*q - 28855. Calculate j(7).
13
Let b(w) = 4*w**3 + 158*w**2 - 1892*w - 1505. Give b(-49).
-35
Let w(c) = -106016*c + 742116. Give w(7).
4
Let n(z) = 73055*z + 3433593. Determine n(-47).
8
Let c(o) = o**3 - 105*o**2 + 1083*o + 3092. Calculate c(93).
23
Let x(a) = -a**3 + 125*a**2 - 2786*a - 3956. What is x(31)?
12
Let q(a) = -a**2 - 10*a - 163. Determine q(-23).
-462
Let a(d) = 5311*d - 63787. Determine a(12).
-55
Let m(r) = 5*r**3 - 7*r**2 - 81*r - 135. Give m(-3).
-90
Let f(l) = -2696*l - 55325. Calculate f(-18).
-6797
Let p(o) = -472875*o - 945764. What is p(-2)?
-14
Let q(p) = -7965*p + 55726. Determine q(7).
-29
Let q(b) = 172*b**2 + 144806*b - 15153. Calculate q(-842).
3
Let i(n) = 255*n**2 - 7559*n - 10724. Calculate i(31).
2
Let n(v) = -v**2 + 49*v + 66. What is n(0)?
66
Let p(i) = 3529*i - 1923304. What is p(545)?
1
Let z(i) = 523*i**2 + 72*i - 71. Calculate z(1).
524
Let j(q) = -1005*q + 24893. Calculate j(25).
-232
Let h(f) = f**3 + 42*f**2 + 167*f - 2744. Give h(-35).
-14
Let a(q) = -13*q**2 - 9*q + 125. Calculate a(-4).
-47
Let k(x) = 4*x**3 - 96*x**2 + 880*x - 15482. Calculate k(22).
6
Let b(j) = 23*j**2 - 1573*j + 232. Give b(68).
-380
Let n(r) = -2128*r + 531258. Calculate n(250).
-742
Let k(b) = 2*b**3 + 120*b**2 + 745*b - 61. What is k(-53)?
-220
Let p(x) = x**3 - 148*x**2 - 1738*x - 1777. What is p(159)?
-28
Let u(b) = b**3 + 167*b**2 + 316*b - 2304. Give u(-165).
6
Let n(h) = -h**2 + 966*h + 21067. Determine n(-22).
-669
Let m(v) = -v**3 - 40*v**2 - 92*v - 204. Give m(-40).
3476
Let k(n) = -n**2 - 90*n - 1907. What is k(-52)?
69
Let v(x) = x**3 - 35*x**2 - 71*x - 266. Calculate v(37).
-155
Let z(q) = -4669*q + 485566. Give z(104).
-10
Let v(w) = -2231*w + 33650. Determine v(15).
185
Let g(d) = 758*d + 4442. What is g(-5)?
652
Let s(r) = r**3 + 353*r**2 - 7806*r + 17940. What is s(-374)?
-12
Let c(h) = h**3 - 83*h**2 + 465*h - 25. Calculate c(76).
-5117
Let m(c) = -28*c**2 - 128*c - 15. Determine m(-5).
-75
Let r(a) = -2*a**2 + 399*a - 18723. Give r(101).
1174
Let d(a) = 487*a - 10856. What is d(25)?
1319
Let q(h) = 10*h**3 - 462*h**2 + 82*h - 390. What is q(46)?
-850
Let d(k) = -46*k**2 - 322*k + 76. Determine d(-7).
76
Let j(a) = 802*a - 3290. What is j(4)?
-82
Let h(s) = 205*s + 6137. Calculate h(-30).
-13
Let k(t) = -8*t**3 + 116*t**2 + 77*t - 221. What is k(15)?
34
Let i(h) = -720*h**2 - 11*h + 118. Calculate i(0).
118
Let u(l) = 8*l**3 - 98*l**2 - 860*l + 3. Determine u(18).
-573
Let h(n) = -347*n - 84228. What is h(-241)?
-601
Let b(k) = k**3 + 67*k**2 - 112*k - 2987. What is b(-68)?
5
Let q(u) = 3*u**3 + 14*u**2 - 71*u + 96. Determine q(-8).
24
Let h(t) = 4*t**3 - 9*t**2 + 17*t + 46. Give h(5).
406
Let h(f) = 10*f**3 - 607*f**2 + 419*f + 66. What is h(60)?
6
Let a(m) = -171783*m + 6527709. What is a(38)?
-45
Let t(x) = x**3 - 29*x**2 - 23*x - 1090. What is t(31)?
119
Let g(y) = 6*y**2 - 16058*y + 96129. Calculate g(6).
-3
Let n(y) = -3007*y + 48132. Calculate n(16).
20
Let n(m) = m**3 + 108*m**2 + 2881*m - 1176. Give n(-58).
-74
Let c(u) = -713*u**2 + 17737*u + 2206. Determine c(25).
6
Let u(q) = -23382*q - 162975. Calculate u(-7).
699
Let l(t) = 7*t**3 - 23*t**2 + 502*t - 1493. Determine l(3).
-5
Let r(j) = 107*j**2 + 990*j - 288. Give r(-11).
1769
Let c(v) = -3*v**2 - 224*v + 1279. What is c(-89)?
-2548
Let k(g) = -38*g**3 - 80*g**2 + 12*g - 2. Calculate k(0).
-2
Let h(g) = -16882*g - 1198614. What is h(-71)?
8
Let r(x) = 84546*x + 1690893. Calculate r(-20).
-27
Let f(x) = x**2 + 8596*x - 17200. Determine f(2).
-4
Let o(r) = 2*r**3 + 15*r**2 - 227*r - 58. Calculate o(8).
110
Let u(j) = 2*j**2 - 1886*j - 7495. Give u(-4).
81
Let h(j) = -6*j**3 + 152*j**2 + 124*j - 513. Calculate h(26).
7
Let o(k) = -83*k**2 - 2653*k + 123. Determine o(-32).
27
Let o(q) = 1546*q - 75683. Calculate o(49).
71
Let s(c) = -2195*c - 10508. Give s(-5).
467
Let u(v) = 5744*v + 224040. What is u(-39)?
24
Let k(r) = 4400*r + 250755. Determine k(-57).
-45
Let g(m) = 5*m**2 + 318*m - 6850. What is g(17)?
1
Let z(m) = m**2 - 496*m - 51336. What is z(-88)?
56
Let o(l) = -4*l**2 - 52198*l - 313043. Determine o(-6).
1
Let r(l) = l**2 + 137*l - 83251. Calculate r(-365).
-31
Let k(i) = -9872*i - 58283. Give k(-6).
949
Let l(z) = -2125*z - 303982. Give l(-143).
-107
Let u(d) = -d**3 - 119*d**2 + 624*d + 585. Calculate u(-124).
89
Let j(y) = -6958*y + 257558. Give j(37).
112
Let q(x) = 4*x**3 + 16*x**2 - 155*x + 92. Determine q(7).
1163
Let n(c) = c**3 + 92*c**2 - 1001*c + 2090. Give n(-102).
152
Let l(m) = -478*m - 6714. Determine l(-15).
456
Let o(r) = 22*r**3 - 576*r**2 + 158*r - 1405. Determine o(26).
-1
Let k(v) = 165*v**2 - 7583*v + 25. What is k(46)?
347
Let g(f) = f**2 - 9*f - 1973. Calculate g(48).
-101
Let r(u) = -2*u**2 + 5767*u - 2780341. Determine r(612).
-25
Let o(n) = -2*n**3 - 71*n**2 - 37*n - 134. Determine o(-35).
-64
Let y(m) = -2048*m + 483342. Calculate y(236).
14
Let s(h) = -h**3 - 61*h**2 + 490*h + 13. What is s(7)?
111
Let o(r) = 173*r - 47455. What is o(274)?
-53
Let k(r) = -16*r**2 - 14186*r - 8860. Calculate k(-886).
0
Let k(x) = -x**3 + 34*x**2 + 276*x - 625. What is k(41)?
-1076
Let u(b) = 2*b**3 + 62*b**2 + 406*b - 957. Calculate u(-19).
-7
Let n(c) = -c**3 + 29*c**2 - 121*c + 3496. Give n(29).
-13
Let a(q) = -136*q**2 + 291*q + 2. Calculate a(3).
-349
Let c(t) = -2*t**2 - 683*t - 7701. What is c(-12)?
207
Let p(d) = 4313*d - 241220. Determine p(56).
308
Let t(l) = 61*l + 9019. What is t(-148)?
-9
Let c(m) = 19*m**3 - 3*m**2 + 19*m + 50. Calculate c(-2).
-152
Let q(r) = -1728*r**3 - 4*r**2 + 8*r + 12. Determine q(-1).
1728
Let o(n) = 5*n**3 - 175*n**2 - 584*n - 35. Calculate o(-3).
7
Let f(q) = -q**2 + 2222*q - 491385. Determine f(249).
